{"version":"1.0","provider_name":"Monsieur Hugo","provider_url":"https:\/\/www.monsieurhugo.com\/blog","author_name":"Bruno Cantegrel","author_url":"https:\/\/www.monsieurhugo.com\/blog\/author\/bruno-cantegreloopono-com\/","title":"Pourquoi est-il risqu\u00e9 de sous-louer son appartement sur AirBnb ? - Monsieur Hugo","type":"rich","width":600,"height":338,"html":"<blockquote class=\"wp-embedded-content\" data-secret=\"wanexzrTjT\"><a href=\"https:\/\/www.monsieurhugo.com\/blog\/2019\/12\/27\/pourquoi-est-il-risque-de-sous-louer\/\">Pourquoi est-il risqu\u00e9 de sous-louer son appartement sur AirBnb ?<\/a><\/blockquote><iframe sandbox=\"allow-scripts\" security=\"restricted\" src=\"https:\/\/www.monsieurhugo.com\/blog\/2019\/12\/27\/pourquoi-est-il-risque-de-sous-louer\/embed\/#?secret=wanexzrTjT\" width=\"600\" height=\"338\" title=\"\u00ab\u00a0Pourquoi est-il risqu\u00e9 de sous-louer son appartement sur AirBnb ?\u00a0\u00bb &#8212; Monsieur Hugo\" data-secret=\"wanexzrTjT\" frameborder=\"0\" marginwidth=\"0\" marginheight=\"0\" scrolling=\"no\" class=\"wp-embedded-content\"><\/iframe><script type=\"text\/javascript\">\n\/* <![CDATA[ *\/\n\/*! This file is auto-generated *\/\n!function(d,l){\"use strict\";l.querySelector&&d.addEventListener&&\"undefined\"!=typeof URL&&(d.wp=d.wp||{},d.wp.receiveEmbedMessage||(d.wp.receiveEmbedMessage=function(e){var t=e.data;if((t||t.secret||t.message||t.value)&&!\/[^a-zA-Z0-9]\/.test(t.secret)){for(var s,r,n,a=l.querySelectorAll('iframe[data-secret=\"'+t.secret+'\"]'),o=l.querySelectorAll('blockquote[data-secret=\"'+t.secret+'\"]'),c=new RegExp(\"^https?:$\",\"i\"),i=0;i<o.length;i++)o[i].style.display=\"none\";for(i=0;i<a.length;i++)s=a[i],e.source===s.contentWindow&&(s.removeAttribute(\"style\"),\"height\"===t.message?(1e3<(r=parseInt(t.value,10))?r=1e3:~~r<200&&(r=200),s.height=r):\"link\"===t.message&&(r=new URL(s.getAttribute(\"src\")),n=new URL(t.value),c.test(n.protocol))&&n.host===r.host&&l.activeElement===s&&(d.top.location.href=t.value))}},d.addEventListener(\"message\",d.wp.receiveEmbedMessage,!1),l.addEventListener(\"DOMContentLoaded\",function(){for(var e,t,s=l.querySelectorAll(\"iframe.wp-embedded-content\"),r=0;r<s.length;r++)(t=(e=s[r]).getAttribute(\"data-secret\"))||(t=Math.random().toString(36).substring(2,12),e.src+=\"#?secret=\"+t,e.setAttribute(\"data-secret\",t)),e.contentWindow.postMessage({message:\"ready\",secret:t},\"*\")},!1)))}(window,document);\n\/* ]]> *\/\n<\/script>\n","thumbnail_url":"https:\/\/www.monsieurhugo.com\/blog\/wp-content\/uploads\/2019\/12\/airbnb.jpg","thumbnail_width":750,"thumbnail_height":375,"description":"[et_pb_section fb_built=\u00a0\u00bb1&Prime; _builder_version=\u00a0\u00bb3.22&Prime;][et_pb_row _builder_version=\u00a0\u00bb3.25&Prime; background_size=\u00a0\u00bbinitial\u00a0\u00bb background_position=\u00a0\u00bbtop_left\u00a0\u00bb background_repeat=\u00a0\u00bbrepeat\u00a0\u00bb][et_pb_column type=\u00a0\u00bb4_4&Prime; _builder_version=\u00a0\u00bb3.25&Prime; custom_padding=\u00a0\u00bb|||\u00a0\u00bb custom_padding__hover=\u00a0\u00bb|||\u00a0\u00bb][et_pb_text _builder_version=\u00a0\u00bb4.4.9&Prime; background_size=\u00a0\u00bbinitial\u00a0\u00bb background_position=\u00a0\u00bbtop_left\u00a0\u00bb background_repeat=\u00a0\u00bbrepeat\u00a0\u00bb] Attention \u00e0 la sous location ill\u00e9gale ! Si vous \u00eates locataire et que vous faites de la location courte dur\u00e9e, cette d\u00e9cision judiciaire pourrait vous concerner !!! La Cour de Cassation vient en date du 12 septembre 2019, de condamner [&hellip;]"}

Pourquoi est-il risqué de sous-louer son appartement sur AirBnb ? - Monsieur Hugo

<blockquote class="wp-embedded-content" data-secret="wanexzrTjT"><a href="https://www.monsieurhugo.com/blog/2019/12/27/pourquoi-est-il-risque-de-sous-louer/">Pourquoi est-il risqué de sous-louer son appartement sur AirBnb ?</a></blockquote><iframe sandbox="allow-scripts" security="restricted" src="https://www.monsieurhugo.com/blog/2019/12/27/pourquoi-est-il-risque-de-sous-louer/embed/#?secret=wanexzrTjT" width="600" height="338" title="« Pourquoi est-il risqué de sous-louer son appartement sur AirBnb ? » &#8212; Monsieur Hugo" data-secret="wanexzrTjT" frameborder="0" marginwidth="0" marginheight="0" scrolling="no" class="wp-embedded-content"></iframe><script type="text/javascript">
/* <![CDATA[ */
/*! This file is auto-generated */
!function(d,l){"use strict";l.querySelector&&d.addEventListener&&"undefined"!=typeof URL&&(d.wp=d.wp||{},d.wp.receiveEmbedMessage||(d.wp.receiveEmbedMessage=function(e){var t=e.data;if((t||t.secret||t.message||t.value)&&!/[^a-zA-Z0-9]/.test(t.secret)){for(var s,r,n,a=l.querySelectorAll('iframe[data-secret="'+t.secret+'"]'),o=l.querySelectorAll('blockquote[data-secret="'+t.secret+'"]'),c=new RegExp("^https?:$","i"),i=0;i<o.length;i++)o[i].style.display="none";for(i=0;i<a.length;i++)s=a[i],e.source===s.contentWindow&&(s.removeAttribute("style"),"height"===t.message?(1e3<(r=parseInt(t.value,10))?r=1e3:~~r<200&&(r=200),s.height=r):"link"===t.message&&(r=new URL(s.getAttribute("src")),n=new URL(t.value),c.test(n.protocol))&&n.host===r.host&&l.activeElement===s&&(d.top.location.href=t.value))}},d.addEventListener("message",d.wp.receiveEmbedMessage,!1),l.addEventListener("DOMContentLoaded",function(){for(var e,t,s=l.querySelectorAll("iframe.wp-embedded-content"),r=0;r<s.length;r++)(t=(e=s[r]).getAttribute("data-secret"))||(t=Math.random().toString(36).substring(2,12),e.src+="#?secret="+t,e.setAttribute("data-secret",t)),e.contentWindow.postMessage({message:"ready",secret:t},"*")},!1)))}(window,document);
/* ]]> */
</script>

[et_pb_section fb_built= »1&Prime; _builder_version= »3.22&Prime;][et_pb_row _builder_version= »3.25&Prime; background_size= »initial » background_position= »top_left » background_repeat= »repeat »][et_pb_column type= »4_4&Prime; _builder_version= »3.25&Prime; custom_padding= »||| » custom_padding__hover= »||| »][et_pb_text _builder_version= »4.4.9&Prime; background_size= »initial » background_position= »top_left » background_repeat= »repeat »] Attention à la sous location illégale ! Si vous êtes locataire et que vous faites de la location courte durée, cette décision judiciaire pourrait vous concerner !!! La Cour de Cassation vient en date du 12 septembre 2019, de condamner [&hellip;]
